{"id":2855,"date":"2023-01-30T11:53:28","date_gmt":"2023-01-30T10:53:28","guid":{"rendered":"https:\/\/bip.rops-opole.pl\/?page_id=2855"},"modified":"2023-01-30T12:45:26","modified_gmt":"2023-01-30T11:45:26","slug":"blizej-rodziny-i-dziecka-wsparcie-rodzin-przezywajacych-problemy-opiekunczo-wychowawcze-orz-wsparcie-pieczy-zastepczej-ii-edycja-wspolfinansowanego-ze-s","status":"publish","type":"page","link":"https:\/\/bip.rops-opole.pl\/?page_id=2855","title":{"rendered":"\u201eOrganizacja cyklicznych warsztat\u00f3w tw\u00f3rczej ekspresji \u2013 dla dzieci poni\u017cej 15 roku \u017cycia z rodzin prze\u017cywaj\u0105cych problemy opieku\u0144czo-wychowawcze z Wojew\u00f3dztwa Opolskiego\u201d. Przedmiot zam\u00f3wienia realizowany jest w ramach projektu \u201eBli\u017cej rodziny i dziecka \u2013 wsparcie rodzin prze\u017cywaj\u0105cych problemy opieku\u0144czo \u2013 wychowawcze orz wsparcie pieczy zast\u0119pczej \u2013 II edycja\u201d \u201d wsp\u00f3\u0142finansowanego ze \u015brodk\u00f3w Regionalnego Programu Operacyjnego Wojew\u00f3dztwa Opolskiego na lata 2014-2020, O\u015b Priorytetowa VIII \u2013 Integracja Spo\u0142eczna"},"content":{"rendered":"\n<!--more--><p>Pliki dotycz\u0105ce zam\u00f3wienia dost\u0119pne s\u0105 w bazie konkurencyjno\u015bci na stronie<\/p>\n<p><a class=\"moz-txt-link-freetext extlink use-tooltip\" href=\"https:\/\/bazakonkurencyjnosci.funduszeeuropejskie.gov.pl\/ogloszenia\/144411\" aria-label=\"https:\/\/bazakonkurencyjnosci.funduszeeuropejskie.gov.pl\/ogloszenia\/144411 (external)\">https:\/\/bazakonkurencyjnosci.funduszeeuropejskie.gov.pl\/ogloszenia\/144411<svg aria-hidden=\"true\" class=\"icon-extlink\" viewbox=\"0 0 1792 1792\"><path d=\"M1408 928v320q0 119-84.5 203.5t-203.5 84.5h-832q-119 0-203.5-84.5t-84.5-203.5v-832q0-119 84.5-203.5t203.5-84.5h704q14 0 23 9t9 23v64q0 14-9 23t-23 9h-704q-66 0-113 47t-47 113v832q0 66 47 113t113 47h832q66 0 113-47t47-113v-320q0-14 9-23t23-9h64q14 0 23 9t9 23zm384-864v512q0 26-19 45t-45 19-45-19l-176-176-652 652q-10 10-23 10t-23-10l-114-114q-10-10-10-23t10-23l652-652-176-176q-19-19-19-45t19-45 45-19h512q26 0 45 19t19 45z\"><\/path><\/svg><span class=\"tooltip\">external<\/span><\/a><\/p>\n\n\n\n<hr class=\"wp-block-separator has-alpha-channel-opacity\">\n\n\n\n<p>Osoba odpowiedzialna za tre\u015b\u0107: Ewa Skar\u017cy\u0144ska<br>Opublikowa\u0142: Dariusz Lisowski (30 stycznia 2023 r. godz. 11:52)<br>Ostatnio zmieni\u0142: Dariusz Lisowski (30 stycznia 2023 r. godz. 11:52)<\/p>\n\n","protected":false},"excerpt":{"rendered":null,"protected":false},"author":1,"featured_media":0,"parent":0,"menu_order":0,"comment_status":"closed","ping_status":"closed","template":"","meta":{"footnotes":""},"categories":[19,23],"tags":[],"class_list":["post-2855","page","type-page","status-publish","hentry","category-zamowienia-publiczne","category-zamowienia-do-ktorych-nie-stosuje-sie-ustawy-pzp-pon-170-tys-zl-netto"],"_links":{"self":[{"href":"https:\/\/bip.rops-opole.pl\/index.php?rest_route=\/wp\/v2\/pages\/2855","targetHints":{"allow":["GET"]}}],"collection":[{"href":"https:\/\/bip.rops-opole.pl\/index.php?rest_route=\/wp\/v2\/pages"}],"about":[{"href":"https:\/\/bip.rops-opole.pl\/index.php?rest_route=\/wp\/v2\/types\/page"}],"author":[{"embeddable":true,"href":"https:\/\/bip.rops-opole.pl\/index.php?rest_route=\/wp\/v2\/users\/1"}],"replies":[{"embeddable":true,"href":"https:\/\/bip.rops-opole.pl\/index.php?rest_route=%2Fwp%2Fv2%2Fcomments&post=2855"}],"version-history":[{"count":3,"href":"https:\/\/bip.rops-opole.pl\/index.php?rest_route=\/wp\/v2\/pages\/2855\/revisions"}],"predecessor-version":[{"id":2860,"href":"https:\/\/bip.rops-opole.pl\/index.php?rest_route=\/wp\/v2\/pages\/2855\/revisions\/2860"}],"wp:attachment":[{"href":"https:\/\/bip.rops-opole.pl\/index.php?rest_route=%2Fwp%2Fv2%2Fmedia&parent=2855"}],"wp:term":[{"taxonomy":"category","embeddable":true,"href":"https:\/\/bip.rops-opole.pl\/index.php?rest_route=%2Fwp%2Fv2%2Fcategories&post=2855"},{"taxonomy":"post_tag","embeddable":true,"href":"https:\/\/bip.rops-opole.pl\/index.php?rest_route=%2Fwp%2Fv2%2Ftags&post=2855"}],"curies":[{"name":"wp","href":"https:\/\/api.w.org\/{rel}","templated":true}]}}

„Organizacja cyklicznych warsztatów twórczej ekspresji – dla dzieci poniżej 15 roku życia z rodzin przeżywających problemy opiekuńczo-wychowawcze z Województwa Opolskiego”. Przedmiot zamówienia realizowany jest w ramach projektu „Bliżej rodziny i dziecka – wsparcie rodzin przeżywających problemy opiekuńczo – wychowawcze orz wsparcie pieczy zastępczej – II edycja” ” współfinansowanego ze środków Regionalnego Programu Operacyjnego Województwa Opolskiego na lata 2014-2020, Oś Priorytetowa VIII – Integracja Społeczna

<!--more--><p>Pliki dotyczące zamówienia dostępne są w bazie konkurencyjności na stronie</p>
<p><a class="moz-txt-link-freetext extlink use-tooltip" href="https://bazakonkurencyjnosci.funduszeeuropejskie.gov.pl/ogloszenia/144411" aria-label="https://bazakonkurencyjnosci.funduszeeuropejskie.gov.pl/ogloszenia/144411 (external)">https://bazakonkurencyjnosci.funduszeeuropejskie.gov.pl/ogloszenia/144411<svg aria-hidden="true" class="icon-extlink" viewbox="0 0 1792 1792"><path d="M1408 928v320q0 119-84.5 203.5t-203.5 84.5h-832q-119 0-203.5-84.5t-84.5-203.5v-832q0-119 84.5-203.5t203.5-84.5h704q14 0 23 9t9 23v64q0 14-9 23t-23 9h-704q-66 0-113 47t-47 113v832q0 66 47 113t113 47h832q66 0 113-47t47-113v-320q0-14 9-23t23-9h64q14 0 23 9t9 23zm384-864v512q0 26-19 45t-45 19-45-19l-176-176-652 652q-10 10-23 10t-23-10l-114-114q-10-10-10-23t10-23l652-652-176-176q-19-19-19-45t19-45 45-19h512q26 0 45 19t19 45z"></path></svg><span class="tooltip">external</span></a></p>



<hr class="wp-block-separator has-alpha-channel-opacity">



<p>Osoba odpowiedzialna za treść: Ewa Skarżyńska<br>Opublikował: Dariusz Lisowski (30 stycznia 2023 r. godz. 11:52)<br>Ostatnio zmienił: Dariusz Lisowski (30 stycznia 2023 r. godz. 11:52)</p>
