{"id":13,"date":"2020-06-28T22:24:31","date_gmt":"2020-06-28T20:24:31","guid":{"rendered":"http:\/\/bip2.rops-opole.pl\/?page_id=13"},"modified":"2026-01-22T09:13:53","modified_gmt":"2026-01-22T08:13:53","slug":"dane-kontaktowe","status":"publish","type":"page","link":"https:\/\/bip.rops-opole.pl\/?page_id=13","title":{"rendered":"Dane kontaktowe"},"content":{"rendered":"\n<p>Regionalny O\u015brodek Polityki Spo\u0142ecznej w Opolu<br>ul. G\u0142ogowska 25c (1 pi\u0119tro)<br>45-315 Opole<br>NIP: 754-26-17-249, Regon: 531584375<br>e-mail:\u00a0rops@rops-opole.pl<br><strong>Adres skrzynki do e-Dor\u0119cze\u0144: AE:PL-69503-20802-RFUDJ-34<\/strong><br>Adres skrytki ePUAP: \/o7wj260kg5\/SkrytkaESP<br><a href=\"https:\/\/epuap.gov.pl\/wps\/portal\/strefa-klienta\/katalog-spraw\/profil-urzedu\/o7wj260kg5\" target=\"_blank\" rel=\"noopener noreferrer\" aria-label=\"https:\/\/epuap.gov.pl\/wps\/portal\/strefa-klienta\/katalog-spraw\/profil-urzedu\/o7wj260kg5 (external, otworzy si\u0119 w nowym oknie)\" class=\"extlink target-blank use-tooltip\">https:\/\/epuap.gov.pl\/wps\/portal\/strefa-klienta\/katalog-spraw\/profil-urzedu\/o7wj260kg5<svg aria-hidden=\"true\" class=\"icon-extlink\" viewbox=\"0 0 1792 1792\"><path d=\"M1408 928v320q0 119-84.5 203.5t-203.5 84.5h-832q-119 0-203.5-84.5t-84.5-203.5v-832q0-119 84.5-203.5t203.5-84.5h704q14 0 23 9t9 23v64q0 14-9 23t-23 9h-704q-66 0-113 47t-47 113v832q0 66 47 113t113 47h832q66 0 113-47t47-113v-320q0-14 9-23t23-9h64q14 0 23 9t9 23zm384-864v512q0 26-19 45t-45 19-45-19l-176-176-652 652q-10 10-23 10t-23-10l-114-114q-10-10-10-23t10-23l652-652-176-176q-19-19-19-45t19-45 45-19h512q26 0 45 19t19 45z\"><\/path><\/svg><svg aria-hidden=\"true\" class=\"icon-new-window\" viewbox=\"0 0 1792 1792\"><path d=\"M1408 960v-128q0-26-19-45t-45-19h-320v-320q0-26-19-45t-45-19h-128q-26 0-45 19t-19 45v320h-320q-26 0-45 19t-19 45v128q0 26 19 45t45 19h320v320q0 26 19 45t45 19h128q26 0 45-19t19-45v-320h320q26 0 45-19t19-45zm256-544v960q0 119-84.5 203.5t-203.5 84.5h-960q-119 0-203.5-84.5t-84.5-203.5v-960q0-119 84.5-203.5t203.5-84.5h960q119 0 203.5 84.5t84.5 203.5z\"><\/path><\/svg><span class=\"tooltip\">external, otworzy si\u0119 w nowym oknie<\/span><\/a><br><\/p>\n\n\n\n<hr class=\"wp-block-separator has-alpha-channel-opacity\">\n\n\n\n<p>Dyrektor: Agnieszka Gabruk<br>Zast\u0119pca Dyrektora: Adam Kijak<br><br>\u00a0<\/p>\n\n\n\n<figure class=\"wp-block-table\"><table><tbody><tr><td>sekretariat<\/td><td>77 455 19 00<\/td><\/tr><tr><td>Dyrektor<\/td><td>77 455 19 00<\/td><\/tr><tr><td>Zast\u0119pca Dyrektora<\/td><td>77 456 58 90<\/td><\/tr><tr><td>G\u0142\u00f3wny ksi\u0119gowy<\/td><td>77 455 12 29<\/td><\/tr><tr><td>Kierownik Obserwatorium Polityki Spo\u0142ecznej<\/td><td>77 456 58 91<\/td><\/tr><tr><td>Kierownik O\u015brodka Adopcyjnego<\/td><td>77 456 58 87<\/td><\/tr><tr><td>Kierownik Referatu Dotacji i Kontroli<\/td><td>77 456 58 93<\/td><\/tr><tr><td>Kierownik Referatu Finansowo-Administracyjnego<\/td><td>77 455 12 25<\/td><\/tr><tr><td>Kierownik Referatu Integracji i Pomocy Spo\u0142ecznej<\/td><td>77 455 19 06<\/td><\/tr><tr><td>Kierownik Referatu Organizacyjno-Administracyjnego<\/td><td>77 456 58 95<\/td><\/tr><\/tbody><\/table><\/figure>\n\n\n\n<p>O\u015brodek jest czynny od poniedzia\u0142ku do pi\u0105tku w godzinach: 7<sup>30<\/sup>\u00a0\u2013 15<sup>30<\/sup><\/p>\n\n\n\n<hr class=\"wp-block-separator has-css-opacity\">\n\n\n\n<p>Regionalny O\u015brodek Polityki Spo\u0142ecznej w Opolu<br>O\u015brodek Adopcyjny<br>ul. Rejtana 5 (2 pi\u0119tro)<br>45-331 Opole<br>e-mail:\u00a0oa(at)rops-opole.pl<br><strong>Adres skrzynki do e-Dor\u0119cze\u0144: AE:PL-69503-20802-RFUDJ-34<\/strong><\/p>\n\n\n\n<figure class=\"wp-block-table\"><table><tbody><tr><td>sekretariat \u00a0\u00a0\u00a0\u00a0\u00a0\u00a0\u00a0\u00a0\u00a0\u00a0\u00a0\u00a0\u00a0\u00a0\u00a0\u00a0\u00a0\u00a0\u00a0\u00a0\u00a0\u00a0\u00a0\u00a0\u00a0\u00a0\u00a0\u00a0\u00a0\u00a0\u00a0\u00a0\u00a0\u00a0\u00a0\u00a0\u00a0\u00a0\u00a0\u00a0\u00a0\u00a0\u00a0\u00a0<\/td><td>77 456 55 86<\/td><\/tr><\/tbody><\/table><\/figure>\n\n\n\n<p>O\u015brodek Adopcyjny prowadzi Wojew\u00f3dzki Bank Danych.<\/p>\n\n\n\n<p>O\u015brodek jest czynny w poniedzia\u0142ek, wtorek, czwartek i pi\u0105tek w godzinach: 7<sup>30<\/sup>\u00a0\u2013 15<sup>30<\/sup><br>w \u015brody w godzinach 9<sup>00<\/sup>\u00a0\u2013 17<sup>00<\/sup><\/p>\n\n\n\n<hr class=\"wp-block-separator has-css-opacity\">\n\n\n\n<p>Sekcja Zamiejscowa O\u015brodka Adopcyjnego z siedzib\u0105 w Nysie<br>ul. Pi\u0142sudskiego 47<br>48-303 Nysa<br>e-mail:\u00a0oa-nysa(at)rops-opole.pl<br><strong>Adres skrzynki do e-Dor\u0119cze\u0144: AE:PL-69503-20802-RFUDJ-34<\/strong><br>tel. 77 407 80 54, tel. kom. 532 107 170<\/p>\n\n\n\n<p>O\u015brodek jest czynny zgodnie z poni\u017cszym harmonogramem:<\/p>\n\n\n<table style=\"width: 52.498%; height: 153px;\">\n<tbody>\n<tr style=\"height: 23px;\">\n<td style=\"width: 16.5476%; height: 23px;\"><strong>Dzie\u0144 tygodnia<\/strong><\/td>\n<td style=\"width: 15.2381%; height: 23px;\"><strong>Alicja Pawelec<\/strong><\/td>\n<td style=\"width: 19.5239%; height: 23px;\"><strong>Sara Sumis\u0142awska<\/strong><\/td>\n<\/tr>\n<tr style=\"height: 26px;\">\n<td style=\"width: 16.5476%; height: 26px;\">Poniedzia\u0142ek<\/td>\n<td style=\"width: 15.2381%; height: 26px;\">12<sup>00<\/sup>-20<sup>00<\/sup><\/td>\n<td style=\"width: 19.5239%; height: 26px;\">7<sup>30<\/sup>-15<sup>30<\/sup><\/td>\n<\/tr>\n<tr style=\"height: 26px;\">\n<td style=\"width: 16.5476%; height: 26px;\">Wtorek<\/td>\n<td style=\"width: 15.2381%; height: 26px;\">10<sup>00<\/sup>-18<sup>00<\/sup><\/td>\n<td style=\"width: 19.5239%; height: 26px;\">7<sup>30<\/sup>-15<sup>30<\/sup><\/td>\n<\/tr>\n<tr style=\"height: 26px;\">\n<td style=\"width: 16.5476%; height: 26px;\">\u015aroda<\/td>\n<td style=\"width: 15.2381%; height: 26px;\">12<sup>00<\/sup>-20<sup>00<\/sup><\/td>\n<td style=\"width: 19.5239%; height: 26px;\">9<sup>00<\/sup>-17<sup>00<\/sup><\/td>\n<\/tr>\n<tr style=\"height: 26px;\">\n<td style=\"width: 16.5476%; height: 26px;\">Czwartek<\/td>\n<td style=\"width: 15.2381%; height: 26px;\">7<sup>30<\/sup>-13<sup>30<\/sup><\/td>\n<td style=\"width: 19.5239%; height: 26px;\">7<sup>30<\/sup>-15<sup>30<\/sup><\/td>\n<\/tr>\n<tr style=\"height: 26px;\">\n<td style=\"width: 16.5476%; height: 26px;\">Pi\u0105tek<\/td>\n<td style=\"width: 15.2381%; height: 26px;\">\u2013<\/td>\n<td style=\"width: 19.5239%; height: 26px;\">7<sup>30<\/sup>-15<sup>30<\/sup><\/td>\n<\/tr>\n<\/tbody>\n<\/table>\n\n\n<p>Osoby zainteresowane uzyskaniem informacji o procedurze adopcyjnej zapraszamy na rozmow\u0119 wst\u0119pn\u0105 do O\u015brodka Adopcyjnego ROPS w Opolu, b\u0105d\u017a Sekcji zamiejscowej O\u015brodka Adopcyjnego ROPS w Nysie po wcze\u015bniejszym telefonicznym ustaleniu terminu spotkania.<\/p>\n<p>W przypadku problem\u00f3w z dodzwonieniem si\u0119 do Sekcji Zamiejscowej O\u015brodka Adopcyjnego z siedzib\u0105 w Nysie, prosimy o kontakt telefoniczny z g\u0142\u00f3wn\u0105 siedzib\u0105 O\u015brodka Adopcyjnego w Opolu.<\/p>\n\n\n\n<hr class=\"wp-block-separator has-alpha-channel-opacity\">\n\n\n\n<p>Osoba odpowiedzialna za tre\u015b\u0107: Dariusz Lisowski<br>Opublikowa\u0142: Dariusz Lisowski (10 sierpnia 2020 r. godz. 8:00)<br>Ostatnio zmieni\u0142: Dariusz Lisowski (8 stycznia 2026 r. godz. 21:46)<\/p>\n\n\n\n","protected":false},"excerpt":{"rendered":null,"protected":false},"author":1,"featured_media":0,"parent":0,"menu_order":0,"comment_status":"closed","ping_status":"closed","template":"","meta":{"footnotes":""},"categories":[3],"tags":[],"class_list":["post-13","page","type-page","status-publish","hentry","category-dane-podmiotu"],"_links":{"self":[{"href":"https:\/\/bip.rops-opole.pl\/index.php?rest_route=\/wp\/v2\/pages\/13","targetHints":{"allow":["GET"]}}],"collection":[{"href":"https:\/\/bip.rops-opole.pl\/index.php?rest_route=\/wp\/v2\/pages"}],"about":[{"href":"https:\/\/bip.rops-opole.pl\/index.php?rest_route=\/wp\/v2\/types\/page"}],"author":[{"embeddable":true,"href":"https:\/\/bip.rops-opole.pl\/index.php?rest_route=\/wp\/v2\/users\/1"}],"replies":[{"embeddable":true,"href":"https:\/\/bip.rops-opole.pl\/index.php?rest_route=%2Fwp%2Fv2%2Fcomments&post=13"}],"version-history":[{"count":67,"href":"https:\/\/bip.rops-opole.pl\/index.php?rest_route=\/wp\/v2\/pages\/13\/revisions"}],"predecessor-version":[{"id":5600,"href":"https:\/\/bip.rops-opole.pl\/index.php?rest_route=\/wp\/v2\/pages\/13\/revisions\/5600"}],"wp:attachment":[{"href":"https:\/\/bip.rops-opole.pl\/index.php?rest_route=%2Fwp%2Fv2%2Fmedia&parent=13"}],"wp:term":[{"taxonomy":"category","embeddable":true,"href":"https:\/\/bip.rops-opole.pl\/index.php?rest_route=%2Fwp%2Fv2%2Fcategories&post=13"},{"taxonomy":"post_tag","embeddable":true,"href":"https:\/\/bip.rops-opole.pl\/index.php?rest_route=%2Fwp%2Fv2%2Ftags&post=13"}],"curies":[{"name":"wp","href":"https:\/\/api.w.org\/{rel}","templated":true}]}}